+ -2 + -2?
109
Let i(t) = -t**3 + 7*t**2 - 3*t - 17. Let d be i(5). Let y = -16 + d. Suppose -3*s + 634 = 4*z, -158 = -z - y*s + 3. What are the prime factors of z?
157
Suppose 4*r + 98 + 78 = 0. Let c = r + 19. Let d = c + 30. What are the prime factors of d?
5
Suppose 3*q + 0 = 6. Suppose f = q*o + 8, 0 = -f + 4*o - o + 6. What are the prime factors of ((-80)/f)/(1/(-9))?
2, 3, 5
Let f be -2*(-14)/84*723. Suppose h + 3*s + 19 = 6*h, 5*h = 2*s + 16. Suppose h - f = -4*j + l, 142 = 2*j + 4*l. What are the prime factors of j?
61
Let d(u) = u**2 - 10*u + 24. Let l be (-4 - -5)/(2/22)*1. Let h be d(l). List the prime factors of 3*h*18/27.
2, 5, 7
Suppose 0 = 2*f + y - 57, -y + 131 = 3*f + 45. Suppose f*q - 1587 = 26*q. List the prime factors of q.
23
Let v(r) be the third derivative of r**6/120 + r**5/10 + 7*r**4/24 + r**3/3 - r**2 + 48. What are the prime factors of v(5)?
2, 3, 13
Let u be (9/6)/(6/(-16)). Let t be ((-15)/(-5))/(5/u + 2). Suppose -3*l + 4*y = -163, 0 = y - 1 - t. What are the prime factors of l?
61
Let z = -168 + 360. Suppose -z = -4*k + 1380. List the prime factors of k.
3, 131
Suppose -5*t + 15*p - 10*p + 87015 = 0, -5*t - 5*p + 87025 = 0. List the prime factors of t.
2, 19, 229
Suppose -2*f + 3*f = 0, 0 = j - 5*f + 459. Let b = -245 - j. Let t = -139 + b. What are the prime factors of t?
3, 5
Let g be 6 + -4 - (-9)/((-3)/(-1)). Suppose g*j + 12 = 9*j. Suppose -3*f + 5*x + 240 = 0, 0 = 3*f - 2*f + j*x - 80. List the prime factors of f.
2, 5
Let i = -15521 + 38744. What are the prime factors of i?
3, 7741
What are the prime factors of (-382 - -4)*((-1860)/24 + -4)?
3, 7, 163
List the prime factors of 4/12*-14584*21/(-14).
2, 1823
Let i(u) = -u**3 + 66*u - 62*u + 0*u**3 - 3*u**2. Let y be i(6). Let m = y + 430. List the prime factors of m.
2, 5, 13
Let s(u) = 20*u**3 - 49*u**2 - 86*u + 70. Let y(b) = 4*b**3 - 10*b**2 - 17*b + 14. Let z(t) = -2*s(t) + 11*y(t). List the prime factors of z(7).
3, 7, 11
Let k = -13637 - -18429. List the prime factors of k.
2, 599
Suppose -68*m = -45*m - 4324. Suppose m = -4*b + 552. What are the prime factors of b?
7, 13
Suppose 2*k = -2*x + 16740, 0 = 7*x + 4*k + 8524 - 67123. List the prime factors of x.
3, 2791
Suppose 52*y - 50*y = 0. Suppose -2*v = 3*z - v - 302, y = -3*z + 5*v + 290. What are the prime factors of z?
2, 5
Let s(b) be the third derivative of b**5/10 + b**4/3 - 8*b**3/3 - 3*b**2. Let c(d) = 2*d**2 - d + 2. Let k be c(1). What are the prime factors of s(k)?
2, 31
Let r = -955 + 1353. Let c = 158 - r. Let l = 405 + c. List the prime factors of l.
3, 5, 11
Suppose -3*q = -4*b - 1739 + 5113, -4212 = -5*b + q. Let p = b - 518. What are the prime factors of p?
2, 3
Let g(t) = t**3 - 12*t**2 - 58*t - 7. Let a(r) = -r**3 + 38*r**2 - 72*r + 17. Let f be a(36). What are the prime factors of g(f)?
2, 113
Let p be (1*-2 + 0)/(30/915). Let j = p - -79. Suppose -2*s + j = -16. List the prime factors of s.
17
Let o be -2*(-3)/(-21) + (-1812)/(-21). Suppose -o*v - 1420 = -90*v. List the prime factors of v.
5, 71
Let d(t) = t**3 - 9*t**2 - 8*t - 14. Let l be d(10). Suppose -5*s + 3*q + 125 = 0, l*s - 2*s - 103 = 3*q. Suppose s = 4*x - 206. List the prime factors of x.
3, 19
Suppose n + 3*x - 10 = -7, -6 = -2*n + x. List the prime factors of (10 + n + -8)*315.
3, 5, 7
Let c(o) = 21*o**2 - 10*o - 7. Let w be c(-4). Let q = 804 - w. Suppose 0 = 4*a - a - q. What are the prime factors of a?
5, 29
Suppose 60*q + 602888 - 3603488 = 0. What are the prime factors of q?
2, 3, 5, 1667
What are the prime factors of 19016 + (18 - (-23)/(-1))?
3, 6337
Let o = 96 + -91. Suppose -1892 = -o*a - w + 3*w, -5*w = 5. List the prime factors of a.
2, 3, 7
Suppose 3*m + 49985 = 3*k + 226358, -5*m + 4*k = -293949. List the prime factors of m.
3, 5, 3919
Suppose 0 = 4*q - 4*x - 28, 0 = 5*q + 2*x - 6*x - 33. Suppose 0 = u - q*u + 1296. Suppose -7*i = -4*i - u. List the prime factors of i.
2, 3
Let k = 25777 + -18776. List the prime factors of k.
7001
Let x = 78971 + -37377. What are the prime factors of x?
2, 7, 2971
Suppose -137346 = -102*g + 91*g. What are the prime factors of g?
2, 3, 2081
Let a be 14/8*-2*32/(-56). Suppose -a*t = n - 199, 5*n - 995 = -2*t - t. List the prime factors of n.
199
Let p(g) = 6*g - 388. Let d(o) = -o + 194. Let z(q) = -5*d(q) - 3*p(q). What are the prime factors of z(-7)?
3, 5, 19
Let j be (24 + 3 - 4)*3. Let q = -124 + j. Let v = 113 + q. List the prime factors of v.
2, 29
Suppose -7*s + 7 = 3*z - 2*s, 0 = -3*z + 5*s - 13. What are the prime factors of (z - 2)/(11/(-1969))?
3, 179
Suppose 15*c - 26*c = 74*c - 85085. What are the prime factors of c?
7, 11, 13
Let q = -26682 + 66681. What are the prime factors of q?
3, 67, 199
Suppose 19*h = -29*h - 20824 + 232888. List the prime factors of h.
2, 47
Suppose -i + 11428 = 3*b, 511*b - 508*b = 5*i - 57050. What are the prime factors of i?
101, 113
Let v(d) be the first derivative of 2/3*d**3 + 3/2*d**2 - 33 + 4*d. List the prime factors of v(4).
2, 3
Let z = 26130 - -1826. What are the prime factors of z?
2, 29, 241
Suppose -3*a = -o + 1914, 0 = -a + o - 91 - 547. Let n = 935 + a. List the prime factors of n.
3, 11
Let g(w) = 30*w**2 - 34. Suppose 10 = -8*y + 6*y. What are the prime factors of g(y)?
2, 179
Let m = 51 - -10. Let f = m - 51. Suppose 0 = f*g - 3*g - 658. What are the prime factors of g?
2, 47
Suppose -5*d - 3*f + 13545 = -13766, 5*d = -2*f + 27314. List the prime factors of d.
2, 683
Let q be -1 + (1/(-3))/(2/24). Let h(u) = 7*u + 18. Let a(b) = -13*b - 34. Let v(w) = q*h(w) - 2*a(w). List the prime factors of v(-4).
2, 7
Suppose -4*o + 3*o - 10*n = -34344, 4*o - 4*n - 137684 = 0. What are the prime factors of o?
2, 17207
Let z = 1359 - 445. Suppose p - 460 = 5*d - 4*d, -2*p + 5*d + z = 0. What are the prime factors of p?
2, 3, 7, 11
Let s(p) = 12*p**2 - 10*p - 48. Suppose 0 = -808*g + 812*g + 16. What are the prime factors of s(g)?
2, 23
Let r be (494/(-57))/((-4)/6). Suppose -8*f - r = -45. Suppose o - i = 22, -5*o + f*o - 3*i + 18 = 0. What are the prime factors of o?
3, 7
Let y(p) = 603*p**2 - 7*p - 2. Let o be y(-2). Let c = 3766 - o. What are the prime factors of c?
2, 11, 61
Let d be -1 + 30/6 + 0 - 28. List the prime factors of (-23193)/d + 5 + (-43)/8.
2, 3, 7, 23
Let m = 6540 - 6149. List the prime factors of m.
17, 23
Let f = -18318 - -37436. List the prime factors of f.
2, 11, 79
Suppose -5*j = -27*j. Suppose j*g - 5*g + k = 1417, g + 3*k + 293 = 0. Let x = g + 478. What are the prime factors of x?
2, 97
Let y = -3693 - -4675. List the prime factors of y.
2, 491
Suppose -5*p + 102 = -4*r, p - 60 = -2*p + 2*r. Suppose -13*u + p*u = 10. Suppose 498 = u*w + 4*w. What are the prime factors of w?
83
Suppose 447 - 37 = 5*o. Let i = o - 72. What are the prime factors of (3/30 - (-4)/i)*330?
3, 5, 11
Suppose 4 - 1 = l. Suppose 167 = m + 4*s, -m - s + 191 = -l*s. List the prime factors of m.
3, 61
Let a(l) = l**2. Let g(o) = o**2 + 4*o + 40. Let i(u) = 2*a(u) - g(u). What are the prime factors of i(27)?
7, 83
Let r be (0 - -89)/(5 + 44/(-9)). Suppose 7*q - 4*a - r = 2*q, q = 4*a + 173. What are the prime factors of q?
157
Let h(l) = -l - 6. Let i be h(0). Let x = i - 36. List the prime factors of 6/(x/(-77))*(1 - -7).
2, 11
Let h(g) = 8*g**2 - 7*g - 9. Suppose 4*p - 4 = 0, -2*p = 2*k + 3*p - 9. Let x be -3*(20/12 - k)*-3. List the prime factors of h(x).
2, 3, 7
Suppose 142*s + 1978 = 144*s. Suppose -6*f + s = -691. List the prime factors of f.
2, 5, 7
Let p be 3*745/(-15) + 1. Let v = p - 5. Let t = v - -369. What are the prime factors of t?
2, 3
Suppose q = -23*q + 170568. What are the prime factors of q?
3, 23, 103
Suppose 4*l + 0*m = -2*m - 38, -3*l - 33 = 3*m. Let i be ((-70)/(-8))/(2/l). What are the prime factors of (i/(-2))/(4/(-32)*-4)?
5, 7
Suppose 3*d = h + 292, -5*h = 2*d - 445 + 1956. Let z = h + 534. List the prime factors of z.
233
Let y = 101204 - 44465. List the prime factors of y.
3, 18913
Suppose -2*g + g = -1488. Let t = g - 452. Suppose t = 44*j - 40*j. List the prime factors of j.
7, 37
Let k(u) = -2*u + 26. Let b be k(12). Suppose -b*g - 2*m = -22, 2*g - 3*g - 14 = -4*m. What are the prime factors of 1 + (g - 5)*146?
3, 7
Suppose -t + 14905 = 4*h, -h - 78983 = -5*t - 4521. What are the prime factors o